ided by y?
9
Let a = -2 - -7. Suppose -4*x = l + 247, a*x + 4*l + 184 + 111 = 0. Let u = -14 - x. Calculate the remainder when u is divided by 26.
23
Let d = 100 - 90. Suppose 143 = 5*y + 433. Let i = -30 - y. Calculate the remainder when i is divided by d.
8
Let q(u) = -u**2 + 7*u + 19. Suppose 18 = -6*w + 8*w. Let s be q(w). Suppose -v = -s, -6 = -r - 5*v + 10. Calculate the remainder when 32 is divided by r.
10
Let z = 1526 - 1523. What is the remainder when 150 is divided by z?
0
What is the remainder when 282 is divided by 4 + -5 - (-64)/((-8)/(-2))?
12
Let n(x) = -x**2 + 17*x + 10. Let o be n(17). Suppose -o*c = -11*c + 84. Calculate the remainder when c is divided by 17.
16
Let n = 10 + -7. Let x(s) = -s**3 + 3*s**2 - s. Let j be x(n). Calculate the remainder when 17 is divided by (-25)/j + 22/33.
8
Let f(g) = 3*g**3 + g**2 - 4*g + 8. Suppose p + 4*p = -3*z + 548, -4*p + 439 = 3*z. Calculate the remainder when p is divided by f(2).
25
Suppose v + 0*v - 4*y = 67, -5*y - 72 = -v. What is the remainder when v is divided by 13?
8
What is the remainder when (16 + -7 - 0) + 195 is divided by 26?
22
Suppose -172 = -5*w - 4*i, 99 = 3*w - 16*i + 17*i. Calculate the remainder when 91 is divided by w.
27
Let r(a) = -a**3 - 17*a**2 - a + 13. Let x = -192 - -280. Calculate the remainder when x is divided by r(-17).
28
Let h(m) be the first derivative of -m**2/2 + 8*m - 9. Calculate the remainder when 57 is divided by h(-2).
7
Let i(j) = 188*j**2 - 21*j - 48. What is the remainder when i(-2) is divided by 17?
15
Suppose 4*f - 10 - 74 = -4*t, -5*t + 5 = 0. What is the remainder when (-5)/(f/(-136)) - (1 - 4) is divided by 8?
5
Suppose 1050 = -43*w + 53*w. What is the remainder when w is divided by 29?
18
Let t(x) be the third derivative of -x**4/12 - 8*x**3/3 - 8*x**2. Calculate the remainder when t(-15) is divided by (2/5)/((-3)/(-30)).
2
Let i = -446 + 458. Calculate the remainder when 104 is divided by i.
8
Let q be (-2)/4*66*-1. Suppose -3*r - 4*m + 1 = 0, -4*m - 4 = 2*r + m. Suppose 0 = r*g - q - 3. What is the remainder when 33 is divided by g?
9
Let k(w) be the second derivative of -w**3 + w**2/2 - 34*w. Suppose 4*b = -5*z + 16, -3*b = -2*b - 2*z + 9. Calculate the remainder when 20 is divided by k(b).
6
Let c(p) = 3*p**2 - 4*p + 4. Let a(g) = g**3 + 10*g**2 - 11*g - 4. Let i be a(-11). Let n = 1 - i. What is the remainder when c(3) is divided by n?
4
Suppose -2*r + 17 = -11. Let t(p) = 20*p - 14. Let m be t(5). Calculate the remainder when (m/(-4))/((-7)/r) is divided by 22.
21
Let u(l) be the second derivative of -4*l**3/3 - 21*l**2/2 + 8*l. Calculate the remainder when 54 is divided by u(-5).
16
Let c(o) = -o**3 - 12*o**2 - 11*o + 3. Let y be c(-11). Suppose -5*t = -5*u + 70, u + y*t = -0*u + 10. Calculate the remainder when 23 is divided by u.
10
Let s be (-2 - -3)*(-14)/(-2). Let q(f) = -f + 6. Let b be q(3). Suppose -4*g = a - 22, -s*a + 50 = -3*a - b*g. Calculate the remainder when 39 is divided by a.
11
Suppose 2*u + 4*u - 1428 = 0. Suppose 12*j - u = -2*j. Calculate the remainder when j is divided by 6.
5
Suppose -397 = -5*x + 3*u, -3*x = 2*u - 50 - 192. What is the remainder when x is divided by 42?
38
Let z be 56*((2 - -3) + -4). Suppose -64 = -3*m - 5*k + 26, 2*k = -2*m + z. What is the remainder when 97 is divided by m?
22
Calculate the remainder when ((-21)/(-3) - 2)*270/6 is divided by 53.
13
Let m(v) = -19*v**3 - v**2 + 3*v + 2. Let r be m(-3). Suppose -a - 38 - r = -5*t, 2*t - 214 = -3*a. What is the remainder when t is divided by 27?
26
Suppose -4*y + 80 - 52 = 0. What is the remainder when 11 is divided by y?
4
Let o(z) = 18*z + 5. Let h be o(-4). Let r be h/(-7) + (-6)/(-14). Let n = 16 - r. Calculate the remainder when 15 is divided by n.
3
Let z = -2531 + 2587. Calculate the remainder when 237 is divided by z.
13
Calculate the remainder when (-292)/(3 + 49/(-7)) is divided by 48.
25
Suppose 5*z + 6*f = 5*f + 260, 91 = 2*z + 3*f. Let r(n) = -n**3 + 12*n**2 + 14*n + 14. Calculate the remainder when z is divided by r(13).
26
Let p(c) = c**2 + c + 1. Let m be ((-12)/4)/(-3)*1. Let x = m - -1. Calculate the remainder when x is divided by p(-1).
0
Suppose -4*n + 24 = -4*h, 3*h - 1 = -4*n + 2. Suppose n*s = s - 5*j + 424, -3*j = -6. Suppose 4*k = 7*k - s. Calculate the remainder when k is divided by 24.
21
Suppose 676 = -15*b + 4471. What is the remainder when b is divided by 87?
79
Let a = -481 + 106. What is the remainder when 28 is divided by (24/20)/(5/(a/(-9)))?
8
Let t(c) = 44*c - 426. What is the remainder when 194 is divided by t(11)?
20
Suppose -3*h - 5*m + 136 = 0, -4*h + 24 + 172 = 3*m. Suppose 0 = -93*b + 95*b - h. Let r = -84 - -134. What is the remainder when r is divided by b?
24
Let g be 56/9 - (-16)/(-72). Let m be g/(-1 - (-2)/1). What is the remainder when 10 is divided by ((-18)/4)/(m/(-8))?
4
What is the remainder when 133 is divided by 21/(-6)*(-12)/18*30?
63
Let f(n) = n**3 + 12*n**2 + 10*n + 33. What is the remainder when f(-11) is divided by 12?
8
Suppose -5*w - 4*u = -4163, 79*u + 2 = 80*u. Calculate the remainder when w is divided by 104.
103
Calculate the remainder when 8*(-18)/(-48) - -55 is divided by 17.
7
Let y = 53 - 18. Suppose -45 = -4*z + y. Calculate the remainder when z is divided by 12.
8
Suppose 24*p + 1535 = -163*p + 12755. Suppose 65 = 2*m + d, -34 = -5*m + 5*d + 106. Calculate the remainder when p is divided by m.
29
Let l = -54 + 75. Let t be ((-9)/(-18))/((-1)/(-4)). Suppose 0 = h - u + 22 - 84, 0 = t*h + 4*u - 124. Calculate the remainder when h is divided by l.
20
Let v(c) = c**3 + 2*c**2 - 3*c + 3. Let g be v(-3). Let z(t) = t**2 + 4*t + 8. What is the remainder when z(g) is divided by 10?
9
Suppose 2*y + 15 = 3*z, 0 = -5*z - 2*y + 11 - 2. Calculate the remainder when -4*(-3)/z + 40 is divided by 12.
8
Let n(b) = 3*b**3 + b**2 + 2*b - 6. Let v be n(5). Suppose -v = -4*r - 40. Let i = -43 + r. What is the remainder when i is divided by 17?
14
Suppose 10 = 3*y + 1, -c = -4*y - 4. Let k(g) = g**3 - 5*g**2 + 7. Calculate the remainder when c is divided by k(5).
2
What is the remainder when 635 is divided by -15*(-5)/125 + 704/10?
67
Suppose 5*d = -t - t + 6, -5*t - d - 8 = 0. What is the remainder when 18 is divided by ((-35)/14)/(t/4)?
3
Suppose 2*f + 2 + 0 = 0, -2*t + 3*f - 173 = 0. Let n = 24 + t. Let r = n + 127. Calculate the remainder when r is divided by 13.
11
Suppose -3*d = -1561 + 421. Let i be (-2)/(-5) + d/50. Suppose i + 19 = 3*l. Calculate the remainder when 24 is divided by l.
6
Let v = -496 + 585. What is the remainder when v is divided by 19?
13
Suppose c + 23 = 126. Suppose -5*r + c = 573. Let f = -57 - r. Calculate the remainder when f is divided by 13.
11
Suppose s + s = 6, -2*x = -2*s + 32. Let c = x + 17. Calculate the remainder when 1 is divided by (c/10)/(14/35).
0
What is the remainder when (-3)/(4 + (-1288)/320) is divided by 34?
18
Suppose -234 + 66 = -7*r. What is the remainder when 162 is divided by r?
18
Suppose 0 = -42*s + 38*s + 96. Calculate the remainder when 89 is divided by s.
17
Let l = -324 + 352. Let c be 78/9*1*-3. Let m = c + l. Calculate the remainder when 5 is divided by m.
1
Let a(o) = -1 - 4 + 8 + 9 - 2*o. Calculate the remainder when (-2)/9 + 857/9 is divided by a(-6).
23
Suppose 1137 = -0*y + 5*y + 2*a, -4*a = y - 213. Calculate the remainder when y is divided by 72.
13
Suppose 4*j + 5*h + 12 = 0, 3*j - 14 = h + h. Let b be (6 - 7)*10*-1. Let g = -6 + b. Calculate the remainder when g is divided by j.
0
Let o(a) = 4*a**2 - 17*a - 2. Let g be o(5). Suppose g*x = 4*x + 81. Calculate the remainder when 39 is divided by x.
3
Let i = 3 + -1. Let q(c) = -c**2 + 16*c - 37. Suppose -95 - 61 = -13*x. What is the remainder when q(x) is divided by i?
1
Let q(a) = 39*a + 12. Let t = -77 - -79. Calculate the remainder when q(t) is divided by 47.
43
Let d be 1*(-1)/2*(158 + -36). Let s = d - -72. What is the remainder when 47 is divided by s?
3
Suppose -4*x = 5*i - 42, 5*x - 2*i = -i + 38. Suppose l = 2*l - 1. What is the remainder when -3 + ((-54)/(-3) - l) is divided by x?
6
Suppose 11*g + 454 - 993 = 0. Calculate the remainder when 188 is divided by g.
41
Let t(y) = -y**3 - 8*y**2 - 12*y - 2. Let k(x) = -x**3 + 36*x**2 + 2*x - 25. Calculate the r